. Let y(j) = 20*j + 386. Let b(u) = 4*u + 70. Let g(w) = -22*b(w) + 4*y(w). Determine g(n).
-20
Suppose 3*s + 4 = -m, 6*m + 3 = s + 2*m. Let g(z) = -8*z**2 + 6*z - 27. Let q(r) = -9*r**2 + 7*r - 34. Let x(p) = 5*g(p) - 4*q(p). Calculate x(s).
-5
Let c(t) = 5*t**3 + 24*t**2 + 10*t + 34. Let f(k) = -11*k**3 - 51*k**2 - 25*k - 67. Let l(a) = -9*c(a) - 4*f(a). What is l(-13)?
1
Let v(j) = -8*j**3 - 29*j**2 + 8*j - 24. Let o(r) = 10*r**3 + 28*r**2 - 9*r + 27. Let h(s) = 2*o(s) + 3*v(s). Give h(-8).
-2
Let u(v) = 46*v + 26. Let t(i) = -39*i - 25. Let j(y) = -4*t(y) - 3*u(y). Determine j(-1).
4
Let v(f) = 8*f - 42. Let p be v(6). Let l(m) = 17 + m**2 + 18 - 31 + p*m. Let s be -6 - (0 + 1 - 2). What is l(s)?
-1
Let x = 107 - 104. Let h(n) = -222*n + 109*n + 114*n + x. Suppose 0*p = -4*p. Calculate h(p).
3
Let d(y) = 15*y**2 - 20*y**2 + 5*y + 4*y**2 + 4 + 2. Let l be 1 - (2 + -5 - 1). Suppose 0*r - 5*n = -l*r + 30, 2*r - 12 = -2*n. Give d(r).
0
Let d(p) = -4*p**3 + p**2 + 2 + 5*p**3 - 3. Let n be d(-2). Let m(a) = -36 + 114 - 8*a - 47 + 7*a - 30. What is m(n)?
6
Let t be (-3)/5*((-4)/8 + (-153)/34). Let q(p) be the second derivative of -1/12*p**4 - 1/3*p**t - 1/2*p**2 + 0 + 16*p. Determine q(-1).
0
Let h = -101 - -113. Let d be 0/(-2) + h*(-6)/24. Let t(r) = -r - 7. Calculate t(d).
-4
Let g(k) = -23*k**3 - 7*k**2 - 24*k + 21. Let m(i) = -88*i**3 - 28*i**2 - 93*i + 86. Let s(x) = 23*g(x) - 6*m(x). Determine s(7).
9
Let i(q) = -q**3 - 13*q**2 + 11*q + 139. Let k be (-7)/(-1) + -13 + (-1 - 6). Give i(k).
-4
Suppose -88*w + 180*w - 65*w + 54 = 0. Let m(g) = -51*g - 5. Determine m(w).
97
Let h(z) be the third derivative of z**4/24 - 37*z**3/3 + 950*z**2. Calculate h(0).
-74
Let a(y) = -75 + 26*y**2 + 1993*y**3 + 32*y + 99 - 1992*y**3. Calculate a(-25).
-151
Let g(w) = 0*w - 5*w + 139 - 145 - 2*w**2. Give g(-8).
-94
Let p = 10016 + -10021. Let b(u) = 5*u - 2. Let d(z) = 4*z - 1. Let m(x) = -2*b(x) + 3*d(x). What is m(p)?
-9
Let m(h) be the first derivative of h**3/2 + 5*h**2/2 + 17*h + 6. Let u(b) be the first derivative of m(b). Let t be 2/4 - 22/4. What is u(t)?
-10
Suppose -2*i + 4*i = -8. Let l(m) be the second derivative of -m**5/20 - m**4/3 - m**3/3 - m**2 + 39*m - 37. Calculate l(i).
6
Let u(h) = -h - 14. Suppose o + 4*v + 33 = 0, 13 = 4*v + 21. What is u(o)?
11
Let q be (2 + (-20)/8)*-10. Suppose 2*r = -q*m + 12, 3*m + r + r - 8 = 0. Let f(a) be the third derivative of -a**4/24 + a**3/3 + 134*a**2. Give f(m).
0
Let p be (-4)/14 + ((-517)/(-33))/(28/(-12)). Let z(k) = -k**3 - 5*k**2 + 15*k - 17. Calculate z(p).
-24
Let t(w) = 37*w - 116. Let h be t(4). Suppose -11*b - 45 = h. Let p(l) = -l**2 - 8*l + 3. Determine p(b).
10
Let l be (-312)/(6/(-2)) - (-1 - 3). Let a = 112 - l. Suppose -5*f + 4*f - 3*z + 7 = 0, -z + 24 = -a*f. Let j(b) = -b - 2. Determine j(f).
3
Suppose 28*j - 25*j + 5*p + 15 = 0, 5*p = 2*j - 15. Let i be (1 + j)/(25/(-50)). Let s(o) = -7*o - 1. Determine s(i).
13
Let d(z) = -23*z**2 - 31*z**2 + 68*z**2 - 21*z**2 - 3*z. Calculate d(-2).
-22
Let h(v) = v**2 + 13*v + 6. Let q be (-7 - -10) + (-18)/3*-41. Suppose -q*r + 20 = -253*r. Determine h(r).
-34
Let p = 6575 - 6581. Let d(l) = 5*l**2 + 9*l - 13. Calculate d(p).
113
Let h(v) = 15*v**2 - 5*v + 16. Let g(u) = 7*u**2 - 3*u + 8. Let b = 13 + 0. Let c(j) = b*g(j) - 6*h(j). Let i = -2766 + 2773. Determine c(i).
-6
Suppose -4*g - 120 = -8*g. Suppose -l + 8 = 3*t - 2*t, -5*t + l + 40 = 0. Let p be g/t + 2/8. Let x(v) = v**3 - 4*v**2 - 3*v + 2. Calculate x(p).
-10
Let x(w) = -w**3 + w**2 + w - 1. Let o(l) = -4*l**3 + 8*l**2 + l - 1. Let g(j) = o(j) - 5*x(j). Let u be (-8 + 10)*(-4 + 2). Calculate g(u).
4
Let i(w) be the second derivative of -3*w**4/2 - w**3/2 + 2*w**2 - w - 3489. Determine i(2).
-74
Let m be (3/1 + -1)/((-4)/(-122)). Suppose 29 - m = 3*q + 4*l, 5*q = 4*l. Let d(b) = b**3 + 6*b**2 + 2*b - 2*b**2 + 0*b**2. Give d(q).
-8
Let n(w) = -1 - 2 + 40*w - 38*w + 4. Let p(g) = 3*g - 13. Let f(k) = -2*n(k) + p(k). What is f(-12)?
-3
Let f(h) be the first derivative of h**4/12 + h**2 + 50*h + 54. Let w(q) be the first derivative of f(q). What is w(0)?
2
Let b(q) = 12*q + 55. Let m(p) = 4*p + 21. Let r(d) = 3*b(d) - 8*m(d). Determine r(8).
29
Let b(j) = 5*j**2 + 2*j - 1. Suppose 5*r = 7 + 18, 3*r = 2*a + 17. Let h be b(a). Let l(f) = -7 - 7*f - 2*f**2 + 1 - 1 + 3*f**h. Calculate l(6).
-13
Let i(s) = -2*s - 3. Suppose 3*q + 0*f - 4*f = 40, -4*q - 4*f = -100. Suppose 17*v = -q*v - 333. Determine i(v).
15
Let q(a) = 8 - 8 + a + 2*a**2. Let g be (-2 + (-110)/(-40))*5/((-30)/16). Give q(g).
6
Suppose 6 = -3*j, -3*j + 211 = 2*r - 45. Let k = -127 + r. Let s(l) = l**2 + l**3 + 3*l**3 - k*l**3 - l**3. Give s(-1).
2
Let w(d) = -7*d**2 + d - 16. Let t(s) = -10*s**2 + 2*s - 31. Let h(c) = 2*t(c) - 3*w(c). Let x(q) = -q**2 + 3*q - 2. Let g be x(2). Calculate h(g).
-14
Let q(m) = m**2 + m - 5. Let j(n) = -n**3 + 16*n**2 + 2*n - 36. Suppose 4*d - f = 67, -8*f = 3*d - 3*f - 33. Let k be j(d). Determine q(k).
7
Let b(n) be the first derivative of 3*n**2 - 2*n + 155. Let g(a) = -5*a. Let w(v) = -2*b(v) - 3*g(v). Calculate w(-5).
-11
Let b(y) be the third derivative of -y**7/1680 - y**6/360 + 2*y**5/15 - y**4/12 + 25*y**2. Let n(d) be the third derivative of b(d). Give n(-4).
10
Let p(x) be the third derivative of 5*x**4/24 - 125*x**3/6 + 5*x**2 + 587. Give p(25).
0
Let r be (21 - (0 - -1))*134/335. Suppose -9*q = -r*q + 7. Let g(k) = -k**2 - 4*k + 6. Determine g(q).
-15
Suppose -8*c - 8 = -96. Let h(x) = x**2 - 10*x + c + 4*x - 4*x. Calculate h(9).
2
Suppose 4 = 35*n - 33*n. Let z(t) = 4 + 3*t - t - n - 4. Calculate z(-3).
-8
Suppose 5*g = 3*w + 51, 0 = -3*g + 2*w + 2 + 30. Let v(a) = -41*a + 243. Determine v(g).
-3
Let f(l) = -3 + 2*l**2 - 1764*l**3 + 1763*l**3 - 49*l - 3*l**2 + 0*l**2 + 99*l - 51*l. Let q(k) = k**3 - 3*k**2 + k + 2. Let o be q(2). Determine f(o).
-3
Let i(w) = -94*w - 105*w - 88*w + 13 + w**2 + 263*w. Give i(23).
-10
Let a(j) = -113*j - 191. Let h(r) = 42*r + 63. Let c(t) = 3*a(t) + 8*h(t). Determine c(-21).
-6
Let z(w) = w**3 + 25*w**2 + 47*w + 18. Let k be 6 + (19/((-76)/96) - 5). Let q be z(k). Let r(j) = 6*j**3 - 3*j**3 + 8*j - 2*j**3 + 7 + 6*j**2. Give r(q).
-8
Suppose -31 + 391 = -15*r. Let s = -55 + 29. Let m = s - r. Let o(t) = -t - 4. What is o(m)?
-2
Suppose 5*a - 11 = 3*u, -4*a + 2*u = 7*u + 6. Suppose 140*j + 2376 = 142*j. Let b(v) = 1190 - 2378 + j + 6*v. Calculate b(a).
6
Suppose -3*l = 4*b - 104, 4*l + 8 = 5*l - 4*b. Let i(u) = 6*u - 177. Let j be i(l). Let z(h) = -h**2 - 11*h - 3. Determine z(j).
15
Suppose -101 = -117*g + 718. Let s(j) be the second derivative of -2*j**3/3 + 5*j**2 - j. Calculate s(g).
-18
Suppose 6*q = 3*q + 6. Let r(m) = 1528*m**2 - 2 - 2 - m**3 - 1525*m**q. Calculate r(3).
-4
Let i(l) = 29*l - 1. Let n = -1560 - -1561. Determine i(n).
28
Let i(x) be the second derivative of 13*x + x**2 - 1/12*x**4 + 0 + x**3. Suppose -3*r = -r - 10. Give i(r).
7
Let r(d) = -19*d + 49. Let q = 10993 + -10990. What is r(q)?
-8
Let v(u) = -u**2 - 6*u + 12. Let q(g) = -g - 12. Suppose 3*f + 21 = -18. Let c be q(f). Let z be c/(-4)*9*100/25. What is v(z)?
-15
Let n(a) be the first derivative of -a**3/3 + 19*a**2/2 - 6*a - 3971. Calculate n(11).
82
Suppose -315 = -3*y - 3*u, 0 = -5*y + 3*y + 2*u + 226. Let n = -103 + y. Let w(o) = o**2 - 9*o + 13. What is w(n)?
-5
Let p(w) be the third derivative of 46*w**2 - 1/6*w**3 - 3/20*w**5 + w - 1/24*w**4 + 0. Let f(z) = -z**3 - 3*z**2 - z - 4. Let o be f(-3). Determine p(o).
-9
Let n(y) = -6*y**3 - 33 + 3*y**2 + 12 - 12*y + 7*y**3 + 4*y**2. Give n(-8).
11
Let z = 605 + -602. Let d(w) = -3 + 28*w**z + w**2 + 28*w - 27*w**3 - 29*w. Give d(-4).
-47
Let q(s) be the second derivative of -s**5/20 - 3*s**2 - s. Suppose -3*l - 8*c = -4*c, 0 = 4*l - 3*c. Suppose -10*t = -l*t. Determine q(t).
-6
Suppose 6 = 4*t - 58. Let y(k) = 6*k + 8*k + 0*k**2 - k**2 + 38. Let m be y(t). Let n(g) = -2*g + 3. What is n(m)?
-9
Let n(z) = -z + 13. Let j be 8/(-10)*40/(-16). Suppose 2*o + j*o = 0. Suppose -y - 16 + 25 = o. What is n(y)?
4
Let j(h) be the second derivative of -2*h**3 - 1/20*h**5 + 3 - 3*h**2 - 16*h + 7/6*h**4. Calculate j(13).
7
Let p(j) = 96*j - 373. Let x(f) = -97*f + 390. Let l(s) = 7*p(s) + 6*x(s). Give l(3).
-1
Let j(u) be the first de